 - 21 = -3*l. What is the units digit of l?
7
Let c be (3 - -2)*(2 + -1). Suppose -3*z + 8*z = c. What is the units digit of z?
1
Suppose -2*i - 10 = -30. What is the units digit of -1*i/(-4)*2?
5
Suppose 0 = 4*q - 5*d - 3, q - 2*d = 2*q - 4. Suppose -2*r + 11 = -3*n, 0 = 2*n - 2*r + 6*r + q. Let l = n - -19. What is the units digit of l?
6
Let c = 1 + 3. Suppose -c*n = 3*z - 16, -2 - 2 = -n. Suppose 8 = 4*m - z*m. What is the units digit of m?
2
Let s(x) = 6*x**2 - 28*x + 18. What is the tens digit of s(10)?
3
Suppose 7*i - 9 = 4*i. Suppose i*k + 0*k - 9 = 0. Suppose -3 = -h + k. What is the units digit of h?
6
What is the units digit of (26/6)/(3/18 + 0)?
6
Let b(u) = -2*u**2 + 4*u - 2. Let x be b(2). Suppose 25 = 3*r - 3*z - 2*z, z + 5 = -r. Let p = r - x. What is the units digit of p?
2
Let n(l) = l**3 - 2*l**2 + 7*l + 1. Suppose 0 = -3*a + 10 - 1. What is the tens digit of n(a)?
3
Suppose -2*y = 4, -3*y + 0*y = -4*i + 282. What is the tens digit of i?
6
Suppose -6*f = -3*f - 990. What is the hundreds digit of f?
3
Suppose -15 = -4*y - 39. Let h(f) = f**3 + 5*f**2 - 8*f + 4. What is the tens digit of h(y)?
1
Let a(o) = -o**2 - 4*o - 1. Let s be a(-3). Suppose 0 = 4*h - s*q - 66, 6*h - 3*h - 2*q - 51 = 0. Let v = h - 11. What is the units digit of v?
4
Suppose -6*s = -7*s + 184. What is the units digit of s?
4
Let i be 4/(-6)*(-36)/8. Let b = i - -3. Let g = b + 0. What is the units digit of g?
6
Suppose -3*y - 2*y - w = -36, -2*w = -2*y + 24. Suppose 10 = 5*v - 4*c, 4*v = 3*c - 0 + y. Suppose 5*s - 12 = -v. What is the units digit of s?
2
Let r be 23/6 + 4/24. Suppose 3*u + 1 = r*u. Suppose 4 = d + u, 0 = y + 2*d - 15. What is the units digit of y?
9
Let g be 5 + (-1 + -4 - -2). Suppose -4*x + 2*i + 64 = 0, g*i = x + 3*i - 16. What is the units digit of x?
6
What is the units digit of ((-204)/24)/(1/(-2))?
7
Let j(h) = h**3 + 9*h**2 + h + 19. What is the units digit of j(-9)?
0
Let x(u) be the first derivative of u**3/3 + 9*u**2/2 + 3*u + 1. Let v be -2*(45/6 + -3). What is the units digit of x(v)?
3
Suppose -f - 25 = -5. What is the tens digit of (-8)/f + 96/10?
1
Let a(c) = c**3 + 6*c**2 - 8. Let h be a(-6). Let t = h + 17. What is the units digit of t?
9
Let b be (-2)/(-1*(-2 + 1)). Let a be (-9)/(-12) - b/8. Suppose -3 = -c + a. What is the units digit of c?
4
Suppose -3*j = 50 - 185. Let s(d) = d - 4. Let b be s(6). Suppose 5*c = -2*x + 7*x + j, -b*x + 17 = 3*c. What is the units digit of c?
7
Suppose -3*u + 2*u + 3*c + 145 = 0, -4*c = -3*u + 425. What is the tens digit of u?
3
Suppose -3*r - 18 = 18. Let a = r + 20. What is the units digit of a?
8
Suppose -2*i = -4*s + 22, 0 = -2*s + 4*i - 5 + 19. Let y(p) = -4 - 3*p + 2*p - 2*p**2 + s + 2*p**3 - 3*p**3. What is the tens digit of y(-3)?
1
Let t(o) = 2*o + 11. Let u be (-6 - -1)/(1*-1). What is the tens digit of t(u)?
2
Suppose 97 = -3*t + 496. What is the units digit of t?
3
Let d = 4 + 4. Let v = -6 + d. Suppose -4*x - v = -22. What is the units digit of x?
5
Let i(f) = f**3 + 4*f**2 + f + 5. What is the units digit of i(-4)?
1
Let w(c) = 177*c**2 - 4*c - 2. What is the hundreds digit of w(-1)?
1
Suppose 4*h + 18 = -3*w, 0 = 2*h - 3*h + w - 1. Let c = 17 + h. Suppose -3*r = -r - c. What is the units digit of r?
7
Let p = 203 + -145. What is the units digit of p?
8
Let w = 6 - 6. Suppose w = -4*r + 16, 4*j - 3*r + 0*r = -16. Let t = j - -9. What is the units digit of t?
8
Suppose 3*z - 4 - 11 = 0. What is the tens digit of 90/z - 1*-1?
1
Suppose 5*u = -5*p - 5, -5*p - 3 + 2 = u. Let d = 1 - -3. Let o = d + p. What is the units digit of o?
4
Let c be ((-3)/(-4))/(8/64). Let q(x) = 3*x - 6. What is the units digit of q(c)?
2
Let g = 44 + -22. What is the units digit of g?
2
Let j = 14 - -173. What is the hundreds digit of j?
1
Suppose 2*v - 5 = 29. What is the tens digit of v?
1
Let n be -50*(0 + 6/15). Let g = -13 - n. What is the units digit of g?
7
Suppose 18 + 472 = 5*v. What is the units digit of v?
8
What is the units digit of (-2)/10 + (-497)/(-35)?
4
Let x(u) = u**3 + 5*u**2 - 6*u - 4. Let m be x(-4). Let c = m - 24. What is the units digit of c?
2
Suppose -3*s - 838 = -5*v, s - 166 = -4*v + 3*v. What is the units digit of v?
7
Suppose -6*x + 2 = 8. What is the units digit of 11 + -12 - 11*x?
0
Let g(z) = -z**2 + 8*z - 5. Let q be g(7). Suppose 0 = w - k - 31, -2*w + q*k - 5*k + 47 = 0. What is the tens digit of w?
2
Let u be (-1)/2*(-2)/(-1). Let x be u/(2 + -4)*-2. Let k(q) = 6*q**2 - q - 1. What is the units digit of k(x)?
6
Let n = 13 + -7. Suppose 6 = -4*f + n*f. What is the units digit of f?
3
Suppose -77 = -5*m - 27. Let a = -9 + 2. Let t = a + m. What is the units digit of t?
3
Let h = 3 - 2. Let x = 7 - h. What is the units digit of x?
6
Let g(l) = l**2 - 5. Let q be (-2)/(20/6 + -3). What is the tens digit of g(q)?
3
Suppose -4*l + 23 = -153. What is the units digit of l?
4
What is the tens digit of (-4)/16 + (-183)/(-12)?
1
Let o be ((-2)/(1/1))/(-2). What is the units digit of 39 + 1 + -5 + o?
6
Let f(o) = 2*o**3 - 3*o**2 - 4*o. What is the tens digit of f(4)?
6
Suppose 20 = -4*c, -3*g - 2*g - 3*c = -135. What is the tens digit of g?
3
Let d = -10 + 6. Let j(r) = -r**3 - 4*r**2 - 2*r - 3. What is the units digit of j(d)?
5
Let f be 3 - (-1 - -118 - -3). Let g be f/15 + (-2)/10. What is the tens digit of g/(-28) + 117/7?
1
Suppose 0 = 4*l - 3*y - 51, -3*l + y + 37 = -0*l. Suppose 0*z + l = z. What is the tens digit of z?
1
Suppose -20 = -5*l - 0. Let g(u) be the second derivative of 2*u**3/3 + 2*u**2 - 2*u. What is the units digit of g(l)?
0
Suppose 5*v - 11 = 9. Let s = 24 - 19. Suppose 3 = -s*m - a + 14, -4*a = -v. What is the units digit of m?
2
Suppose 181 = 10*y - 369. What is the tens digit of y?
5
Let o = 25 + -47. Let s = -16 - o. What is the units digit of s?
6
Let a(v) = v**3 + 5*v**2 + 5*v + 2. Let c be a(-3). Suppose 0 = -g - 0*g - 5*u + 2, 5*g = c*u + 100. What is the tens digit of g?
1
Let i(u) = -18*u**3 + 3*u - 2. Let x be i(2). Let y = -92 - x. What is the units digit of y?
8
Suppose 2*a + 9 = 45. What is the tens digit of a?
1
Let u = 0 - -1. Let p(t) = -t**2 - 12*t - 1. Let k be p(-12). What is the units digit of 5 - -1 - u*k?
7
Let p be (16/10)/((-1)/(-5)). Let i(x) = x**3 - 2 - p*x**2 + 4 + 3*x + 4*x. What is the units digit of i(7)?
2
Suppose 11*x - 3*b - 193 = 9*x, 4*x = 5*b + 385. What is the tens digit of x?
9
Suppose 8*a = 3*a - 2*g + 233, 3*a + 3*g = 147. What is the tens digit of a?
4
Let s be ((-20)/(-30))/((-2)/15). Let z = -10 + 6. Let f = z - s. What is the units digit of f?
1
What is the tens digit of (-938)/(-6) - 13/39?
5
Suppose -16 = n + 3*n, 5*z - 125 = 5*n. What is the units digit of z?
1
Suppose 0*p - p + 12 = 0. What is the units digit of p?
2
Suppose 12*y - 8*y = 0. Suppose y = 2*u - 1 - 55. What is the tens digit of u?
2
Suppose -2*x + 4*u = -4*x + 32, -5*u = 5*x - 105. What is the units digit of x?
6
Let o be 4/(-6) - 22/(-6). What is the units digit of (9 - 1)/(o + -2)?
8
Suppose -3*s = 2*a - a - 27, s - 141 = -4*a. What is the units digit of a?
6
What is the units digit of (2800/(-42))/(4/(-6))?
0
Suppose -1 = y - 3. Suppose 0*l + 2*l - o - 5 = 0, -9 = 3*o. Let z = l + y. What is the units digit of z?
3
Let g(t) = 2*t**2 + 4*t + 3. Let i be g(-3). Let s be 2/9 + 25/i. What is the units digit of (s - 5)*(-6)/4?
3
Let t(m) = m**3 + m**2 + 3*m + 2. Let y be t(-2). Let w be ((-6)/4)/(2/y). What is the units digit of 2/(-1 - 1) + w?
5
Let j(x) = -x + 3. Let o be j(7). What is the tens digit of -15*(o + 20/6)?
1
Suppose 28 = 4*m - 172. Suppose -m = -3*i + 61. What is the units digit of i?
7
Suppose -c + 9 = 2*c. Suppose 0 = -c*j + 3*g + 48, -5*g + 2 = 12. What is the units digit of j?
4
Suppose 0 = -3*d - d + 100. Suppose 3*a = 14 + d. What is the tens digit of a?
1
Suppose -6 = -2*m, x + x + 4*m - 4 = 0. Let o = 27 + x. What is the units digit of o?
3
Let n be (-1 - -2)*-1*-30. Suppose z + z = n. What is the tens digit of z?
1
Let q be 3 + (2 + -3)*1. Suppose z + 3*l = 28, 3*z + 6*l = q*l + 74. What is the tens digit of z?
2
Let l = 62 - 40. Suppose -4*s + l = -2*s. What is the tens digit of s?
1
Suppose -3*b + 10 = -5. Suppose -7 = b*c - 32. What is the units digit of (18/c)/(4/10)?
9
Suppose 76 = 3*a + 4*i, 3*a + 4*i - 